w**4/4 + 2*w**3/3 + w**2 + w + 1. Let s(h) = h**2 + 29*h - 31. Let g be ((-5)/4)/(5/120). Let x be s(g). Determine y(x).
4
Let k(t) = 10*t**2 - t. Suppose -3*o - 6 = 60. Let n(z) = z**2. Suppose -2*q - 4 = -2*h, -2*q - 6*h = -2*h - 20. Let i(u) = o*n(u) + q*k(u). Calculate i(-2).
-4
Suppose -2 = -y + 3. Suppose -5*d + 3 = -7. Suppose y*o + 9 = -b, d*o = -b - b + 6. Let l(q) = q**2 - 4*q - 8. Calculate l(b).
4
Let j(m) = 3*m - 8. Let g(y) = -y**2 - 2*y - 4. Let p be g(-9). Let z = -61 - p. What is j(z)?
10
Let v = 3 - 2. Let l(d) = -29*d + 32*d + 1 - 3*d**2 - 5*d + 8*d**3 + 4*d**2. Determine l(v).
8
Let v = 13 + -12. Let a be v - ((2 - 1) + -3). Let g(z) = 3*z**3 - z + 3*z**a + 4*z**2 - 5*z**3. Determine g(-3).
12
Let q(a) = 2*a**2 + 12*a - 13. Let f be q(-8). Let u(w) = -5*w + 0*w**2 + f - 21 + 2*w**2. Calculate u(4).
10
Let x(t) = -139*t - 134*t + 272*t + 32*t**2. What is x(1)?
31
Let l(v) be the second derivative of -1/12*v**4 + 0 + 21*v - 3/2*v**2 - 1/6*v**3 + 1/20*v**5. Calculate l(0).
-3
Let j(a) = 3*a**2 - a + 2. Suppose -12 = -4*i - 8. Let b be j(i). Let y(z) = -3*z + 3. Determine y(b).
-9
Let g(p) = p**3 - 4*p**2 + p - 34. Let q be g(5). Let h(o) = -o**2 - 4*o + 1. What is h(q)?
1
Let h = -15 + 18. Let j(l) = 123*l**2 - 1 - 5*l**3 + 4*l**h - 117*l**2 + 2 - 7*l. What is j(5)?
-9
Let u(a) be the first derivative of a**2 - 24*a - 21. Give u(11).
-2
Let g(s) = s**2 + 10*s + 8. Let z be (4 - 9*1/3)*-45. Let l = z - -36. What is g(l)?
-1
Let q(d) be the first derivative of d + 13 - 3/2*d**2. Calculate q(1).
-2
Let c = -3 + 7. Let b(h) = 5*h**2 - h. Let a(g) = -21*g**2 + 9*g - 2. Let o(s) = a(s) + 4*b(s). Determine o(c).
2
Let y(d) = -7*d**2 - 14*d - 22. Let r(x) = 5*x**2 + 12*x + 20. Let n(i) = 4*r(i) + 3*y(i). What is n(7)?
7
Let n = 4 + 4. Let q(g) = -3*g + 4*g - 5*g - 4*g + n + g**2. Calculate q(6).
-4
Let t(x) = 3*x - 26. Suppose -a + 0*n = -n - 14, 0 = 2*n + 6. Determine t(a).
7
Suppose 0 = -2*y - y + 105. Suppose h = -33 + 4. Let d = y + h. Let w(n) = -n**3 + 7*n**2 - 8*n + 3. Calculate w(d).
-9
Let u(h) = -2*h**2 - 11*h + 8. Suppose b + 1 = -b - 3*z, z + 7 = b. Let x(k) = -k**2 - 5*k + 4. Let s(o) = b*u(o) - 9*x(o). Determine s(-4).
8
Let f = -26 - -38. Let c(v) = -v**3 + 11*v**2 + 13*v - 11. Let d be c(f). Let x(s) = 3*s - 1. Calculate x(d).
2
Let b(t) = -12 - 292*t - t**2 + t**3 + 284*t + 2 + 10. Calculate b(-3).
-12
Let f(t) = t - 15. Let s = -627 - -635. What is f(s)?
-7
Let q(l) = l**2 - 3*l - 1. Let t = 450 + -455. What is q(t)?
39
Let u(p) = p**3 - p**2 - p - 32. Suppose -500*a + 510*a = 0. Give u(a).
-32
Let w(a) be the second derivative of a**4/12 - 3*a**3/2 - 4*a**2 + 7*a + 2. Let t be (-2 + 2/(-2))/((-33)/77). Determine w(t).
-22
Let m = 672 + -664. Let l(q) = q + 13. Determine l(m).
21
Let x = -5 + 10. Let v(w) = w - 2 - 2*w + x*w - 3*w. Suppose 9*n - 5*n = 24. Determine v(n).
4
Suppose -280*i + 294*i = 42. Let q(k) be the first derivative of -k**4/4 + k**3 - 3*k**2/2 + 2*k + 1. Determine q(i).
-7
Let f(k) be the first derivative of k**7/840 + k**6/120 + k**5/120 - k**4/6 - 25*k**3/3 - 3. Let b(h) be the third derivative of f(h). Calculate b(-3).
-7
Let c = 47 - 68. Let a = c - -26. Let m(l) be the third derivative of -l**4/12 + 7*l**3/6 - 2*l**2. Determine m(a).
-3
Let z(d) = -d**3 + 6*d**2 + 6. Let m be 3/(2 + -5)*(-9 + 9). Suppose -7*u + 42 = -m*u. Give z(u).
6
Let t(q) = 3*q. Suppose 0*b = 3*b. Suppose -9 = -p - b*p. Suppose -p*m + 4*m - 5 = 0. What is t(m)?
-3
Let n(d) = d**2 + 4*d + 1. Let g be n(-4). Let y be (-2)/(-1 - g/(-2)). Suppose t = -y*t + 20. Let m(u) = 2*u**2 - 5*u - 2. Calculate m(t).
10
Let n(y) = -3*y**2 - 10*y - 8. Let w(f) = -6*f**2 - 21*f - 17. Let j(s) = -13*n(s) + 6*w(s). Suppose 7 = 4*q - 3*q. Let g = 5 - q. Calculate j(g).
6
Let a(q) = -q**2 - 2*q + 5. Let d(i) = i**2 + i - 4. Let b = 3 - 6. Let m(r) = b*d(r) - 2*a(r). Let p be (6/(-12))/(3/(-12)). What is m(p)?
0
Suppose w - f = 0, -3*w + 2*f - 1 = -0*w. Let k = w + 0. Let u(n) = -11*n**2 + 1. Let s(j) = 21*j**2 - 2. Let r(l) = -3*s(l) - 5*u(l). Determine r(k).
-7
Let j(b) = -2*b**3 + 9*b**2 + 3*b + 2. Let n be j(4). Suppose -n = 5*q - 10*q. Let i(w) = -w + 8. Let u be i(q). Let o(p) = 3*p. What is o(u)?
6
Let x(q) be the third derivative of -q**6/60 + q**5/20 - q**4/12 + q**3/6 - 140*q**2. Determine x(2).
-7
Let j(i) = -4*i**2 + 7*i - 6. Let f(r) = 5*r**2 - 8*r + 7. Let w(m) = -5*f(m) - 6*j(m). Suppose 29*h - 31*h - 8 = 0. What is w(h)?
-7
Let m(t) = -7*t - 7*t + 18*t - 5*t. What is m(-3)?
3
Let s(k) = k**3 + 2*k**2 - 7*k + 3. Let c(d) = d**3 - 5*d**2 - 19*d + 88. Let q be c(4). Give s(q).
-1
Let n(c) = -c**3 + c + 1. Let q(k) = -k**3 + 5*k**2 + 7*k + 2. Let v(g) = 2*n(g) - q(g). Determine v(-4).
4
Let w(g) be the second derivative of g**4/12 + g**2/2 - 31*g. What is w(1)?
2
Let r(w) be the second derivative of w**5/20 + 2*w**4/3 - 4*w**3/3 + 7*w**2 + 208*w + 1. Give r(-9).
5
Suppose 19 - 3 = 4*a. Suppose 5*t - a*t = 2. Let i(d) = 8*d**2 + 12*d - 23. Let z(h) = -3*h**2 - 4*h + 8. Let l(f) = 6*i(f) + 17*z(f). Give l(t).
-6
Let j(k) = -k + 3. Let q(y) = y**2 - y - 12. Let l be q(5). Suppose l*v = 2*v + 24. Determine j(v).
-1
Suppose -w = d - 2, 4*d + 3*w + 2 = 4*w. Suppose 5*s + i - 13 = -0, 2*i = -4*s + 8. Let b(n) = n**3 + 3*n + 8 - s*n. Calculate b(d).
8
Let d = 3 + -10. Let x = d + 6. Let c(b) = -7*b**3 + b**2 + b. Determine c(x).
7
Suppose 5*i + 30 = 4*m, -5*m - 4*i + 19 = -i. Let k(d) = -d**3 + 6*d**2 - 3*d - 4. Calculate k(m).
6
Suppose 0*f + 12 = -4*f, -2*h - f = 3. Suppose h = -2*r + 3*j + 4, 3*r + 6*j = j - 13. Let a(x) = -5*x**3 + x**2 + 1 + x - 13*x**3 + 22*x**3. Give a(r).
-3
Let g(f) = f**2 - 17*f + 2. Let d(l) = -2*l**3 - 4*l**2 - l - 4. Let h be d(-3). Let j be g(h). Let c(t) = -8*t. Give c(j).
-16
Let w(p) be the second derivative of -p**5/20 - 2*p**4/3 - 7*p**3/6 + p**2/2 + 12*p. Let x(q) = q**2 + 31*q - 73. Let l be x(-33). Calculate w(l).
1
Let q(z) = z**2 - 8*z + 2*z**3 - 12*z - 1 + 21*z. What is q(-2)?
-15
Let g(d) be the first derivative of -d**2/2 + 8*d + 1. Let m(c) = c**2. Let j(f) = -3*f**2 - 6*f + 1. Let n(z) = j(z) + 2*m(z). Let q be n(-5). What is g(q)?
2
Let x(c) = -4*c + 3. Let f(i) = 11*i - 7. Let v(u) = 6*f(u) + 15*x(u). Calculate v(-4).
-21
Suppose d - 3 = -3*g, 0 = d - 0*d + g - 1. Let z(h) = d*h**3 - 15 + h - 7 + 18 - h**3 + 7*h**2. Calculate z(7).
3
Suppose 10*q - 4*q = 12. Let y(b) = 26*b**2 - 3*b + 0*b - 25*b**q - 4*b + 9. Calculate y(7).
9
Let z(o) = -o**3 - 7*o**2 - 4*o + 5. Let b be z(-6). Let a(k) = k**3 + 8*k**2 + 5*k + 5. Give a(b).
19
Let u(h) = h**2 - 12*h. Let c = 1527 - 1520. Calculate u(c).
-35
Let b(i) = 7*i**2 + 10*i - 5. Let c(j) = 12*j**2 + 20*j - 9. Let w(a) = 7*b(a) - 4*c(a). Give w(5).
-24
Let g(x) = x. Let d be g(7). Let z(b) = -11*b - 1 + 27*b + 2 + 16 - 18*b. What is z(d)?
3
Let c(i) = 1719*i**2 + 1722*i**2 + 8*i - 3442*i**2 - 8. Determine c(6).
4
Let u(v) = -v**3 + 2*v**2 - 5*v + 1. Let c(m) = m + 1. Let w(a) = 2*c(a) + u(a). Suppose 1739*t = 1724*t + 30. Give w(t).
-3
Let n = 69 - 67. Suppose 0 = 2*m + 8, 2*m = n*r + 4*m - 4. Let i(a) = a - 6. Give i(r).
0
Let o = -7 + 11. Let i(f) = 3*f + 10. Let r(l) = 2*l + 5. Let z(w) = -6*i(w) + 11*r(w). Determine z(o).
11
Let m(z) = -2*z**2 + 34*z + 33. Let c(n) = 3*n**2 - 50*n - 49. Let l(t) = 5*c(t) + 8*m(t). Determine l(23).
-4
Let d(o) = 1613 - 3215 + 1618 - 6*o. Determine d(3).
-2
Let v = 127 + -122. Let h(w) = -2*w**3 + 4 - v*w**2 - w**3 + 0 + 2*w**3. Give h(-5).
4
Let m(a) = -3*a - 1 - 2 + 0. Suppose 19 = -9*c - 5*q - 15, -2*q = 5*c + 22. Give m(c).
15
Let a(g) = -2*g + 1. Let w = 18 + -18. Suppose -5*y + 4*j - 3 = w, 9 = -5*j - 6. Determine a(y).
7
Let t(y) be the first derivative of 5/2*y**2 - 8 - 1/3*y**3 - 6*y. Give t(5).
-6
Let b(y) be the first derivative of 2*y**3/3 - 7*y**2/2 + 2*y + 239. What is b(4)?
6
Let l(d) = -3*d**3 - 7*d**2 - 6*d**3 + 12*d**3 - 1 + 6*d**2 - 3*d + 29*d**3. Give l(-1).
-31
Let q(y) be the first derivative of y**3/3 - 5*y**2/2 - 2*y + 10. Let o(l) = 2*l**2 + 8*l - 6. Let x be o(-6). Suppose 0 = 3*w - 0*w - x. Give q(w).
4
Let j = -21 - -36. Suppose -j*z + 4 = 34. Let i(c) = 2*c**3 - c**2 - 3*c - 2. What is i(z)?
-16
Let h(n) = 18 - 2 + 1 - 11 - 3 + 2*n. Calculate h(-5).
-7
Let f = 6 - 3. Let m(c) = -3*c 